 580/(-44) + s - 2/(-11). Is (41 - 0)/(4 + 54/g) prime?
False
Let p be (-9)/21 - 63/(-147). Suppose 10*c - 3816 - 2014 = p. Is c composite?
True
Suppose -279*m = -289*m + 1997770. Is m composite?
False
Let x(r) = r**2 - 7*r - 16. Let w be x(9). Suppose 2*u = j - w*u - 3087, 2*u - 9331 = -3*j. Is j a prime number?
False
Is (-18)/10 - 19234592/(-65) a prime number?
False
Let s(i) = i**3 + 16*i**2 + 31*i + 16. Let g be s(-13). Is (6/4)/(g/20080) a prime number?
True
Let d(g) = 25405*g**2 + 7*g - 7. Is d(2) a prime number?
True
Let k = -77189 + 802978. Is k prime?
True
Is 180/(-210) + 1974377/7 composite?
False
Let r = 232853 + -51792. Is r a prime number?
True
Let p = -319 + 329. Is (-196948)/(-12) - p/(-15) a composite number?
True
Let n(k) = 18*k**2 + 19*k + 10. Let o be n(-19). Let s = 4502 + o. Is s composite?
True
Suppose 5*u + 8*u = 39. Suppose -5*l - u*g + 56 = -10*l, -2*g = 3*l + 26. Is (-2326)/l - (-6)/15 a prime number?
True
Is 975/300 - (-392094)/8 prime?
False
Is (-2264453)/(-18) + (-117)/(-2106) a composite number?
False
Let m = 225 - 160. Suppose m*o - 64*o = 3907. Is o composite?
False
Suppose 11 - 66 = -11*r. Is (-7306)/(-3) + 160/(-30) + r a composite number?
True
Let r be 1/5 + -2643*(-10)/(-25). Let n = r + 2918. Is n a prime number?
True
Let j be 135*1 - 42/(-14). Let w = j + -67. Suppose -4*r = b - 2*b + w, 2*r = -b + 41. Is b a composite number?
True
Let z = -65 - -70. Suppose 15345 = z*i + 5*f, -2*f = -i - i + 6154. Is i composite?
True
Suppose -n = -3*w + 14, 2*n + 1 = -2*w + 5. Suppose 3*f = z + 43, -w*f - z + 4*z + 49 = 0. Is (-8)/f*(-2 - 524) a composite number?
False
Let y(x) be the second derivative of -2553*x**5/5 + x**4/12 - x**3/2 - 3*x**2/2 + 198*x. Is y(-1) a prime number?
False
Suppose -47*s + 1556403 = -1890812. Is s a prime number?
False
Let u = 437 + -190. Is 12/(-3) + 8 + u composite?
False
Suppose -c + 6646 = c. Suppose 0 = -3*i + 2389 + c. Let d = i - 1073. Is d composite?
True
Suppose -1 = 5*a - k - 10, 5*k - 13 = -4*a. Suppose 1182 = -2*x + 4*v + 5056, 2*v = -a*x + 3856. Is x prime?
True
Let o be (-27)/(-6)*(-52)/(-6). Let s = 17 - o. Is (-2)/4 + (-41437)/s prime?
False
Suppose -3*a = 6*w - 14691177, -4*w + 10564533 - 770418 = -a. Is w composite?
False
Let o(z) = 2*z**2 + 65*z + 38669. Is o(0) a prime number?
True
Let c = 83 - 80. Suppose -c*o + a + 8297 = 0, 0 = -3*a + 6 - 3. Suppose 5*q - 4589 = o. Is q a prime number?
True
Suppose -5*p + 4*l - l = -106, -3*p - l = -58. Suppose 5*t - 6*t + 4 = -2*i, -5*t = -3*i - p. Let j(b) = -b**2 + b + 635. Is j(i) a composite number?
True
Let x(n) = n + 11. Let t be x(-8). Suppose -t*u = -3*l - 450, 142 = -l - 0*l + 3*u. Is (-57470)/l + (-2)/11 a prime number?
True
Let f = -972 - -1660. Let q = f + -365. Is q a composite number?
True
Let l(h) = -18*h**3 - 3*h**2 - 7*h - 3. Let k be l(-8). Suppose 2133 - k = 4*r. Let u = -1195 - r. Is u a composite number?
False
Let a(b) = -b**3 + b**2 - 9*b + 328093. Is a(0) composite?
False
Suppose -155266*q + 4231210 = -155256*q. Is q a composite number?
False
Let y = -1784 + 677. Let n = 1810 + y. Is n a composite number?
True
Let l = 46 + -42. Suppose 5*a - 4*g = 18, l*a = -5*g - 0 - 2. Suppose -a*q + 2*t + 2669 = t, 0 = -5*q - t + 6690. Is q prime?
False
Let r = -115 - -135. Suppose -18416 = -r*a + 4*a. Is a composite?
False
Suppose -24*x - 6*x + 4920 = 0. Suppose -x*o + 170*o - 2814 = 0. Is o composite?
True
Let u(a) = -7678*a - 4503. Is u(-13) a prime number?
True
Let v be (-3)/(-4)*-9*8. Let d = 211 + v. Is d a composite number?
False
Suppose 0 = -4*x + 27390 + 4030. Let r = 4194 + x. Is r a composite number?
False
Let m = 4086 - -10274. Let b = m + -6958. Is b a prime number?
False
Suppose -4*q = -n - 1438, q = -3*n - 2*q - 4299. Let o = n - -3956. Suppose 2*f = -5*s + 2516, 0*f + 4*f = -5*s + o. Is s a prime number?
False
Let r(b) be the third derivative of b**5/60 + 3*b**4/8 - 23*b**3/6 - 14*b**2. Let q be r(-11). Is (q/2)/((-8914)/(-2972) - 3) prime?
True
Suppose 4*r - 369694 = 3*n, 4*r + n - 369686 = -0*n. Suppose -6*q + r = 16*q. Is q a prime number?
True
Suppose 0 = 6*z - 1298 - 2050. Suppose 0 = -10*x + 812 + z. Suppose x = o - 236. Is o a prime number?
True
Let x(s) = 785*s**2 + 49*s - 49. Is x(9) a prime number?
True
Let r be (-8)/18 + 12344/72 + -9. Let z = r + 100. Is z composite?
True
Let t(o) = -o**3 - 5*o**2 + 2*o - 1. Let n be t(-5). Let b(y) = 7*y**2 + 7*y - 1. Is b(n) a prime number?
True
Let u(v) = -3*v + 7. Let g be u(-7). Suppose -i = -g - 6. Is i/(-51) + (-1979)/(-3) a prime number?
True
Suppose 0 = -14*c + 172 + 108. Let l(d) = 2*d**3 - 21*d**2 + 7*d + 91. Is l(c) a composite number?
True
Let m(v) = -6*v - 4. Let b be m(-4). Let u(a) = -15*a - 54. Let h be u(b). Let p = 668 + h. Is p composite?
True
Suppose -14*o = -9*o + f - 1446066, 0 = o + f - 289214. Is o a composite number?
False
Suppose 5*o - 5*u - 22301 = 7669, 23975 = 4*o - 3*u. Is o a prime number?
False
Suppose -61614681 = -114*p + 37724121. Is p prime?
True
Let n(a) = -561*a**3 + 29*a**2 - 1. Is n(-4) prime?
False
Is -5 - (14 - 15)*43756 prime?
False
Suppose 0 = -2*g + 2*i + 28, 3*g + 2*i = 37 + 5. Suppose -9*h = -g*h + 2030. Let t = 4391 - h. Is t a prime number?
False
Let z(j) = j + 5. Let q be -2 + -1 + 8 - 3. Let i be z(q). Suppose 3*f + 340 = i*f. Is f prime?
False
Let u = -45 - -48. Let s = 2 + 3. Suppose u*x = -s*x + 1864. Is x composite?
False
Let t be 2/((-4)/6) + (-5320)/(-8). Let p = t + -333. Is p prime?
False
Is 110680385/(-1798)*(-2)/(1 - 0) a prime number?
False
Let h be (-17)/34*112*-2. Let z = h - 107. Is z/4 + -1 - (-3310)/40 prime?
True
Suppose 67*q = 70*q - 105411. Let g = q + -24084. Is g prime?
False
Suppose -4*j + k = 887, -k - 517 = 2*j - 72. Let f = 345 + j. Suppose 450 = 3*z + 3*v, 5*v = 3*z - 319 - f. Is z a prime number?
True
Let v = 5365 - -1684. Let u = v + -4798. Is u composite?
False
Let z(y) = 33746*y**2 - 36*y + 77. Is z(2) a prime number?
True
Let a = 11432 + 25842. Is a composite?
True
Suppose -23191 = -25*a + 13959. Let v = a + 3961. Is v a composite number?
True
Suppose 3*a + 6489 = -3*z, -2*z = 2*a + 2*a + 8662. Let m be (-3 - -3) + -4 - a. Suppose -4*g - m = -8*g. Is g a prime number?
True
Let m be -3*(10/(-15))/2. Let u(z) = -2*z**2. Let i be u(m). Is (-2)/4*-23*(i + 4) composite?
False
Let y(n) = 695*n - 2713*n + 2 - 7. Is y(-2) composite?
True
Let z = -121 - -51. Let k = -69 - z. Is k + 0 - (5 - 1 - 484) a prime number?
False
Let r(b) = 38*b**3 + 4*b**2 - 2*b + 5. Let y be (45 + 3)/((-1)/1). Let l be y/(-40)*10/4. Is r(l) composite?
False
Let v(f) be the first derivative of -f**7/840 - f**6/36 - f**5/15 - f**4/4 + 11*f**3 + 4. Let q(h) be the third derivative of v(h). Is q(-17) a prime number?
True
Let k(o) be the second derivative of 10*o + 0 + 19/2*o**2 - 7/6*o**3 + 1/12*o**4. Is k(6) composite?
False
Let o = -95827 - -490118. Is o composite?
False
Suppose -19537241 = -188*x + 28014915. Is x a composite number?
False
Suppose 2*n = 20*n - 2820 - 26538. Is n a composite number?
True
Suppose -20*h = -12*h - 1408. Let t = 2257 - h. Is t a prime number?
True
Let u be -12*(2/4)/(-1). Let o be 10468/u + 30/(-45). Suppose -3*j - j + 4359 = 5*w, -o = -2*w - 2*j. Is w a prime number?
False
Let t(s) = 10*s**2 + 4*s + 7. Let n(k) be the first derivative of -k**3/3 + 3*k**2 - 5*k + 2. Let i be n(6). Is t(i) a prime number?
False
Let f = -45 + 43. Let r(u) = -2305*u - 6. Let d be r(f). Suppose 6*w = 2*w + d. Is w composite?
False
Suppose 20*u + 399449 - 1470524 = 5*u. Is u composite?
True
Let c = -12 - -10. Let i be 4/c*3/(-2). Suppose -i*m - 4*w + 503 = 0, w + w - 505 = -3*m. Is m prime?
False
Let p(q) = 9*q**2 - q + 1. Let g be p(1). Let o = -5 + g. Is (9845/(-22))/((-2)/o) composite?
True
Let p be ((-8)/(-10))/(2 - (-33)/(-15)). Let n(a) = -836*a**3 - 2*a**2 + 2*a + 9. Is n(p) composite?
True
Let p(w) = w**3 - 22*w**2 + 3*w - 48. Let f be p(18). Is (-11)/(66/f)*1 a prime number?
False
Let y(z) = 375*z + 1. Suppose 6*l - 3*l - 6 = 0. Let w be y(l). Suppose -10*f + 11*f - w = 0. Is f prime?
True
Let x be -2 + 8/(-10)*(-35)/14. Suppose -3*g + 20*b - 19*b + 5052 = x, 0 = 3*g - 5*b - 5040. Is g prime?
False
Suppose 18 + 2 = 5*h. Suppose 5438 = h*i + 2*a, -5459 = -4*i + 7*a - 2*a. Is i prime?
True
Let n(r) =